lse
Is 14 a factor of 1218280?
True
Does 188 divide 2010546?
False
Does 244 divide 734313?
False
Is 783825 a multiple of 21?
True
Is 3321084 a multiple of 52?
True
Does 77 divide 916916?
True
Does 179 divide 9377?
False
Is 55552 a multiple of 128?
True
Is 57729 a multiple of 43?
False
Is 7029120 a multiple of 120?
True
Is 235 a factor of 111952?
False
Is 14 a factor of 82571?
False
Is 102330 a multiple of 27?
True
Is 88725 a multiple of 25?
True
Does 7 divide 724913?
True
Is 90 a factor of 13763610?
True
Is 21 a factor of 3244374?
True
Does 629 divide 2499902?
False
Is 182 a factor of 225051?
False
Does 17 divide 222848?
False
Is 4752331 a multiple of 752?
False
Is 538 a factor of 407689?
False
Is 2601186 a multiple of 10?
False
Does 8 divide 467432?
True
Is 26 a factor of 160550?
True
Does 196 divide 496468?
True
Is 167 a factor of 114734?
False
Is 1205717 a multiple of 42?
False
Is 457074 a multiple of 573?
False
Does 38 divide 41513?
False
Is 4 a factor of 561266?
False
Is 8 a factor of 863064?
True
Does 34 divide 2567918?
True
Does 234 divide 4755321?
False
Is 163 a factor of 2391862?
True
Is 64 a factor of 5865856?
True
Does 33 divide 70778?
False
Is 113 a factor of 2842176?
True
Does 11 divide 436953?
True
Does 839 divide 1308840?
True
Is 135080 a multiple of 4?
True
Is 38 a factor of 395770?
True
Does 35 divide 91070?
True
Is 5 a factor of 5960?
True
Is 5201992 a multiple of 316?
True
Does 56 divide 1256791?
False
Is 1511686 a multiple of 11?
True
Is 425 a factor of 962625?
True
Does 17 divide 85646?
True
Is 455 a factor of 152840?
False
Does 206 divide 53004?
False
Is 5535944 a multiple of 8?
True
Is 515970 a multiple of 67?
False
Is 47275 a multiple of 31?
True
Is 107 a factor of 262043?
True
Does 38 divide 4283067?
False
Does 296 divide 9013048?
False
Is 4347512 a multiple of 13?
True
Does 50 divide 6561?
False
Does 7 divide 2687657?
True
Is 4330848 a multiple of 12?
True
Is 102876 a multiple of 6?
True
Is 16 a factor of 841920?
True
Is 35348 a multiple of 78?
False
Does 94 divide 80652?
True
Does 194 divide 164512?
True
Is 729 a factor of 1552729?
False
Does 61 divide 1433256?
True
Does 16 divide 1528752?
True
Is 25 a factor of 314969?
False
Is 978 a factor of 3298794?
True
Is 67 a factor of 4422?
True
Does 976 divide 843264?
True
Does 12 divide 169356?
True
Does 184 divide 158240?
True
Does 74 divide 333573?
False
Is 1981694 a multiple of 311?
False
Is 22281294 a multiple of 42?
True
Is 15419646 a multiple of 33?
True
Is 1688338 a multiple of 9?
False
Does 36 divide 102901?
False
Does 20 divide 125880?
True
Is 2 a factor of 6270?
True
Does 29 divide 10160788?
True
Does 592 divide 74000?
True
Is 270 a factor of 337500?
True
Is 213129 a multiple of 597?
True
Does 62 divide 9742618?
True
Is 77735 a multiple of 73?
False
Is 11 a factor of 70066?
False
Does 139 divide 1792405?
True
Is 333830 a multiple of 7?
True
Is 156 a factor of 178743?
False
Is 14 a factor of 5249146?
True
Does 401 divide 407015?
True
Is 903360 a multiple of 550?
False
Does 2 divide 3719?
False
Is 15 a factor of 68580?
True
Is 5 a factor of 217125?
True
Is 25 a factor of 4990798?
False
Does 19 divide 929473?
False
Is 693620 a multiple of 5?
True
Is 189090 a multiple of 46?
False
Is 3002299 a multiple of 797?
True
Is 42 a factor of 1573523?
False
Does 1393 divide 24250737?
True
Does 5 divide 856136?
False
Does 13 divide 33342?
False
Is 132609 a multiple of 54?
False
Is 265306 a multiple of 12?
False
Is 125 a factor of 44750?
True
Does 8 divide 616592?
True
Does 24 divide 532560?
True
Is 230552 a multiple of 92?
True
Is 89 a factor of 550725?
False
Does 245 divide 413315?
True
Does 15 divide 16454?
False
Does 645 divide 7197350?
False
Does 13 divide 488384?
True
Is 148568 a multiple of 758?
True
Does 30 divide 20726430?
True
Is 33 a factor of 5021914?
False
Does 250 divide 319343?
False
Does 20 divide 410100?
True
Is 499 a factor of 409653?
False
Does 153 divide 57714?
False
Is 364122 a multiple of 22?
True
Is 80 a factor of 242950?
False
Is 696909 a multiple of 3?
True
Is 238462 a multiple of 15?
False
Does 80 divide 69440?
True
Does 3 divide 385783?
False
Is 5248988 a multiple of 17?
True
Is 171479 a multiple of 187?
True
Is 8 a factor of 1515529?
False
Does 39 divide 1228851?
True
Is 99624 a multiple of 84?
True
Does 7 divide 1026207?
True
Does 95 divide 572992?
False
Is 4091168 a multiple of 16?
True
Does 35 divide 1012732?
False
Is 1029899 a multiple of 61?
False
Is 21 a factor of 118083?
True
Is 10 a factor of 262690?
True
Does 17 divide 59361?
False
Is 6496425 a multiple of 117?
True
Is 43319 a multiple of 23?
False
Is 3 a factor of 117143?
False
Does 369 divide 3124323?
True
Does 3 divide 1255?
False
Is 958195 a multiple of 11?
False
Is 103 a factor of 25378903?
False
Does 61 divide 698816?
True
Is 2856285 a multiple of 23?
False
Is 25 a factor of 3974350?
True
Does 512 divide 16734?
False
Is 15 a factor of 683565?
True
Does 8 divide 976288?
True
Is 11 a factor of 269984?
True
Is 4642968 a multiple of 43?
True
Does 1008 divide 4374720?
True
Does 284 divide 1336220?
True
Is 97 a factor of 141523?
True
Does 18 divide 56618?
False
Is 994280 a multiple of 8?
True
Is 42 a factor of 3764250?
True
Is 14 a factor of 232134?
True
Is 77 a factor of 910558?
False
Does 88 divide 1354081?
False
Does 270 divide 421353?
False
Does 297 divide 11698?
False
Does 121 divide 467786?
True
Is 13 a factor of 283403?
False
Is 23 a factor of 103074?
False
Is 39094 a multiple of 11?
True
Does 37 divide 284963?
False
Does 536 divide 16616?
True
Does 277 divide 1781387?
True
Is 201769 a multiple of 65?
False
Is 1094082 a multiple of 11?
True
Is 23 a factor of 170682?
False
Is 41 a factor of 9266?
True
Is 725110 a multiple of 5?
True
Is 901 a factor of 509678?
False
Is 36 a factor of 549876?
False
Is 38836 a multiple of 7?
True
Is 160 a factor of 2058400?
True
Is 2 a factor of 4532?
True
Does 68 divide 12562470?
False
Is 86152 a multiple of 34?
False
Does 14 divide 77803?
False
Is 204721 a multiple of 87?
False
Does 14 divide 1590890?
True
Does 131 divide 253092?
True
Is 203232 a multiple of 22?
False
Does 970 divide 11769010?
True
Does 17 divide 12814?
False
Is 66 a factor of 3583435?
False
Is 65485 a multiple of 100?
False
Does 237 divide 177039?
True
Is 268 a factor of 65124?
True
Does 37 divide 2394?
False
Is 19 a factor of 14153619?
False
Does 48 divide 31968?
True
Is 16 a factor of 580560?
True
Is 22 a factor of 40473?
False
Does 13 divide 1160306?
False
Is 95702 a multiple of 6?
False
Is 21 a factor of 66738?
True
Is 72563 a multiple of 10?
False
Is 52 a factor of 259609?
False
Is 5633637 a multiple of 551?
False
Is 1333662 a multiple of 167?
True
Does 103 divide 199483?
False
Is 7 a factor of 15155?
True
Is 68 a factor of 93840?
True
Does 161 divide 2810407?
False
Is 15 a factor of 29370?
True
Is 5 a factor of 1163915?
True
Is 7 a factor of 386638?
True
Is 212 a factor of 586830?
False
Is 9009 a multiple of 19?
False
Is 1254900 a multiple of 141?
True
Is 61 a factor of 771284?
True
Is 3087832 a multiple of 44?
True
Is 1740942 a multiple of 79?
False
Does 95 divide 11492?
False
Does 19 divide 17198041?
False
Is 850393 a multiple of 11?
False
Is 721050 a multiple of 330?
True
Does 640 divide 1359360?
True
Is 2 a factor of 537713?
False
Is 740493 a multiple of 32?
False
Is 174 a factor of 10916?
False
Is 32 a factor of 4234688?
True
Is 5 a factor of 1199?
False
Does 91 divide 457768?
False
Is 731 a factor of 2946194?
False
Is 64 a factor of 1894016?
True
Is 59228 a multiple of 134?
True
Is 4082305 a multiple of 48?
False
Does 11 divide 85809?
False
Is 1386793 a multiple of 470?
False
Is 90235 a multiple of 102?
False
Is 142765 a multiple of 4?
False
Does 767 divide 751253?
False
Does 892 divide 8239339?
False
Does 28 divide 11949?
False
Does 60 divide 31920?
True
Is 235540 a multiple of 10?
True
Is 73778 a multiple of 74?
True
Does 1537 divide 1765581?
False
Is 336 a factor of 535248?
True
Is 1757100 a multiple of 300?
True
Is 216513 a multiple of 58?
False
Is 13 a factor of 267267?
True
Is 34026 a multiple of 14?
False
Is 20 a factor of 899379?
False
Does 49 divide 7473619?
False
Does 114 divide 1280334?
True
Is 47 a factor of 142598?
True
Does 64 divide 78656?
True
Is 5730615 